{"id":148,"date":"2015-02-11T21:10:01","date_gmt":"2015-02-11T21:10:01","guid":{"rendered":"http:\/\/giswg.de\/wordpress\/?page_id=148"},"modified":"2015-05-05T10:42:54","modified_gmt":"2015-05-05T10:42:54","slug":"gis_wg","status":"publish","type":"page","link":"https:\/\/giswg.de\/wordpress\/?page_id=148","title":{"rendered":"GIS_WG"},"content":{"rendered":"<p>GIS_WG ist gewisserma\u00dfen ein Spin-Off des UNIGIS-Masterstudienganges am Zentrum f\u00fcr Geoinformationssysteme (Z_GIS) der Universit\u00e4t Salzburg. Die Idee, Dienstleistungen in diesem Bereich zu erbringen entstand infolge gemeinsamen Wohnens und Arbeitens an den Mastertheses (daher GIS_WG).<\/p>\n<p>Eine WG verstehen wir als hocheffizienten Mikrokosmos, f\u00fcr dessen Funktionieren Dinge von Bedeutung sind wie<\/p>\n<ul>\n<li>Kommunikation<\/li>\n<li>Zielsetzung<\/li>\n<li>Planung<\/li>\n<li>Kompromissbereitschaft<\/li>\n<li>Wissenserwerb<\/li>\n<li>Teamarbeit<\/li>\n<li>&#8230; und vieles mehr.<\/li>\n<\/ul>\n<p>Damit identifizieren wir uns, wobei &#8220;WG&#8221; aber nat\u00fcrlich auch stehen kann f\u00fcr<\/p>\n<ul>\n<li><em>&#8220;Wired Geography&#8221;<\/em><\/li>\n<li><em>&#8220;Wertsch\u00f6pfung\/Gewinn&#8221;<\/em><\/li>\n<li><em>&#8220;Wei\u00df\/Gr\u00fcn&#8221; (wie das Logo der Uni Salzburg)<\/em><\/li>\n<li>&#8230; oder einfach nur <em>&#8220;Wie gut &#8230;&#8221;<\/em>.<\/li>\n<\/ul>\n<p>Das m\u00f6chten wir ganz Ihnen \u00fcberlassen.<\/p>\n<div id=\"lmm_0677731a\" style=\"width:100%;\" class=\"mapsmarker markermap marker-2\">\n<div id=\"lmm_map_0677731a\" class=\"lmm-map\" style=\"background:#f6f6f6;border:1px solid #ccc;height:320px; overflow:hidden;padding:0;\"><p style=\"font-size:80%;color:#9f9e9e;margin-left:5px;\">loading map - please wait...<noscript><br\/><strong>Map could not be loaded - please enable Javascript!<\/strong><br\/><a style=\"text-decoration:none;\" href=\"https:\/\/www.mapsmarker.com\/js-disabled\" target=\"_blank\">&rarr; more information<\/a><\/noscript><\/p><\/div>\n<div id=\"lmm_geo_tags_0677731a\" class=\"lmm-geo-tags geo\">\n<span class=\"paneltext\">Z_GIS<\/span>\n<span class=\"latitude\">47.789006<\/span>, <span class=\"longitude\">13.059383<\/span>\n<span class=\"popuptext\">Mehr \u00fcber Z_GIS ...<\/span>\n<\/div>\n<\/div>\n<p>&nbsp;<\/p>\n","protected":false},"excerpt":{"rendered":"<p>GIS_WG ist gewisserma\u00dfen ein Spin-Off des UNIGIS-Masterstudienganges am Zentrum f\u00fcr Geoinformationssysteme (Z_GIS) der Universit\u00e4t Salzburg. Die Idee, Dienstleistungen in diesem Bereich zu erbringen entstand infolge gemeinsamen Wohnens und Arbeitens an den Mastertheses (daher GIS_WG). Eine WG verstehen wir als hocheffizienten Mikrokosmos, f\u00fcr dessen Funktionieren Dinge von Bedeutung sind wie Kommunikation Zielsetzung Planung Kompromissbereitschaft Wissenserwerb Teamarbeit [&hellip;]<\/p>\n","protected":false},"author":2,"featured_media":0,"parent":66,"menu_order":0,"comment_status":"open","ping_status":"open","template":"","meta":{"ngg_post_thumbnail":0,"footnotes":""},"class_list":["post-148","page","type-page","status-publish","hentry"],"_links":{"self":[{"href":"https:\/\/giswg.de\/wordpress\/index.php?rest_route=\/wp\/v2\/pages\/148"}],"collection":[{"href":"https:\/\/giswg.de\/wordpress\/index.php?rest_route=\/wp\/v2\/pages"}],"about":[{"href":"https:\/\/giswg.de\/wordpress\/index.php?rest_route=\/wp\/v2\/types\/page"}],"author":[{"embeddable":true,"href":"https:\/\/giswg.de\/wordpress\/index.php?rest_route=\/wp\/v2\/users\/2"}],"replies":[{"embeddable":true,"href":"https:\/\/giswg.de\/wordpress\/index.php?rest_route=%2Fwp%2Fv2%2Fcomments&post=148"}],"version-history":[{"count":2,"href":"https:\/\/giswg.de\/wordpress\/index.php?rest_route=\/wp\/v2\/pages\/148\/revisions"}],"predecessor-version":[{"id":248,"href":"https:\/\/giswg.de\/wordpress\/index.php?rest_route=\/wp\/v2\/pages\/148\/revisions\/248"}],"up":[{"embeddable":true,"href":"https:\/\/giswg.de\/wordpress\/index.php?rest_route=\/wp\/v2\/pages\/66"}],"wp:attachment":[{"href":"https:\/\/giswg.de\/wordpress\/index.php?rest_route=%2Fwp%2Fv2%2Fmedia&parent=148"}],"curies":[{"name":"wp","href":"https:\/\/api.w.org\/{rel}","templated":true}]}}