{"id":70,"date":"2015-01-21T09:31:59","date_gmt":"2015-01-21T09:31:59","guid":{"rendered":"http:\/\/giswg.de\/wordpress\/?page_id=70"},"modified":"2018-11-12T17:32:25","modified_gmt":"2018-11-12T16:32:25","slug":"publikationen","status":"publish","type":"page","link":"https:\/\/giswg.de\/wordpress\/?page_id=70","title":{"rendered":"Publikationen &#8211; Vortr\u00e4ge"},"content":{"rendered":"<p><a href=\"http:\/\/giswg.de\/wordpress\/wp-content\/uploads\/2015\/01\/teaser_pub.png\"><img loading=\"lazy\" decoding=\"async\" class=\"aligncenter size-full wp-image-109\" src=\"http:\/\/giswg.de\/wordpress\/wp-content\/uploads\/2015\/01\/teaser_pub.png\" alt=\"\" width=\"1277\" height=\"365\" srcset=\"https:\/\/giswg.de\/wordpress\/wp-content\/uploads\/2015\/01\/teaser_pub.png 1277w, https:\/\/giswg.de\/wordpress\/wp-content\/uploads\/2015\/01\/teaser_pub-300x86.png 300w, https:\/\/giswg.de\/wordpress\/wp-content\/uploads\/2015\/01\/teaser_pub-1024x293.png 1024w, https:\/\/giswg.de\/wordpress\/wp-content\/uploads\/2015\/01\/teaser_pub-326x93.png 326w, https:\/\/giswg.de\/wordpress\/wp-content\/uploads\/2015\/01\/teaser_pub-700x200.png 700w\" sizes=\"(max-width: 1277px) 100vw, 1277px\" \/><\/a><\/p>\n<p>Geoinformatik<\/p>\n<p class=\"type1\"><em><strong>Schwarze, J.<\/strong><\/em> (2015): \u201eErfolgsfaktor Geodatenmanagement\u201c Bedeutung von Automatisierung und Verf\u00fcgbarkeitsoptimierung von GDM-Prozessen am Beispiel der Geodateninfrastruktur der Stadt Erlangen. &#8211; UNIGIS MSc Master Thesis. XX+102+XIII pp. <a href=\"http:\/\/www.unigis.at\/index.php\/club-unigis\/abschlussarbeiten\/article\/102863-erfolgsfaktor-geodatenmanagement-bedeutung-von-automatisierung-und-verfuegbarkeitsoptimierung-von-gdm-prozessen-am-beispiel-der-geodateninfrastruktur-der-stadt-erlangen\" target=\"_blank\" rel=\"noopener\">http:\/\/www.unigis.at\/index.php\/club-unigis\/abschlussarbeiten\/article\/102863-erfolgsfaktor-geodatenmanagement-bedeutung-von-automatisierung-und-verfuegbarkeitsoptimierung-von-gdm-prozessen-am-beispiel-der-geodateninfrastruktur-der-stadt-erlangen<\/a> (letzter Zugriff 20.1.2016)<\/p>\n<p><em><strong>Schwarze, J.<\/strong><\/em> (2013): SpatialBiz Plugin &#8211; Einsatz und Fallbeispiele von FME Desktop mit SpatialBiz-Plugin f\u00fcr Smallworld GIS bei der Stadt Erlangen (Vortrag). FME days 2013, Berlin.<\/p>\n<p><em><strong>Schwarze, J.<\/strong><\/em> (eGovernment-Center, Stadt Erlangen, 2009): Anliegen und Wissensmanagement in einer kommunalen Geodateninfrastruktur (Vortrag). Jahrestagung der Smallworld User Group (SWUG), Mai 2009, Magdeburg<\/p>\n<p><em><strong>Schwarze, J., Voge, W.<\/strong><\/em> (2008): Telekommunikations(TK)-Netze &#8211; eine leichtgewichtige L\u00f6sung. In: 10 Jahre Erlangen im Detail &#8211; Jubil\u00e4umsbrosch\u00fcre, Stadt Erlangen, eGovernment-Center 1. Aufl. S. 39<\/p>\n<p><em><strong>Reinfelder, T., Schwarze, J. <\/strong><\/em>(2007): Baumidentifikation durch RFID. &#8211; GISBusiness 9\/2007, S.32<\/p>\n<p><em><strong>Schwarze, J.<\/strong><\/em> (eGovernment-Center, Stadt Erlangen, 2007): Smallworld GIS bei der Stadt Erlangen &#8211; Akzeptanzprobleme &#8211; Ursachen und L\u00f6sungen (Vortrag). SmallworldUserGroup SIG-S\u00fcd-Treffen, Jahrestagung der Smallworld User Group (SWUG SIG S\u00fcd), 24. 4. 2007, Offenburg<\/p>\n<p><em><strong>Schwarze, J.<\/strong><\/em> (EB 77-3, 2006): Das Geoinformationssystem der Stadt Erlangen. Seminar der Bayerischen Gartenakademie \u201eProfessionelles Gr\u00fcnfl\u00e4chenmanagement\u201c 3. Mai 2006, RH Erlangen<\/p>\n<p>Wissensmanagement<\/p>\n<p><em><strong>Schwarze, J.<\/strong><\/em> (2013): Wissensmanagement: Erfahrung mit Wikis. In: Stadt Erlangen, Ref. f\u00fcr Personal, Organisation und eGovernment (Hrsg.): Verwaltungsmodernisierung Stadt Erlangen 2008-2012<\/p>\n<p><em><strong>Punzel, J., Schwarze, J., Graubner, M., M\u00fcller, M.<\/strong><\/em> (2009): Fallstudie: Von der Mindmap zum Wiki &#8211; Wissensbewahrung bei der Stadt Erlangen in: Koch, Richter (Hrsg.): Enterprise 2.0: Planung, Einf\u00fchrung und erfolgreicher Einsatz von Social Software in Unternehmen 2. Aufl., S.116, Verlag Oldenbourg<\/p>\n<p><em><strong>Punzel, J., Schwarze, J., Kaiser, R., Graubner, M., M\u00fcller, M.<\/strong><\/em> (2010): GIS meets WIKI &#8211; Wie Web2.0 Technologien wichtiges Expertenwissen der Stadt Erlangen bewahren helfen. in: Vitako (NN).<\/p>\n<p>Morphotektonik \/ Neotektonik<\/p>\n<p class=\"type1\"><em><strong>Schwarze, J.<\/strong><\/em> (2000): Geologische Untersuchungen im Raum Sfinari\/Westkreta. &#8211; Diplomarbeit Universit\u00e4t Erlangen-N\u00fcrnberg, 98 pp., unpubl.<\/p>\n<p class=\"type1\"><em><strong>Peterek, A. &amp; Schwarze, J.<\/strong><\/em> (2002): Ruheloses Kreta &#8211; Hebungsgeschichte und Seismizit\u00e4t im Quart\u00e4r und heute. &#8211; Geographische Rundschau <span style=\"text-decoration: underline;\">4\/2002<\/span>, pp. 4-10.<\/p>\n<p class=\"type1\"><em><strong>Peterek, A. &amp; Schwarze, J.<\/strong><\/em> (2004): Architecture and late Pliocene to recent evolution of an outer-arc basin of the Hellenic subduction zone. &#8211; Journal of Geodynamics <span style=\"text-decoration: underline;\">38<\/span>, pp. 19-55.<\/p>\n<p class=\"type1\"><em><strong>Schwarze, J. &amp; Peterek, A.<\/strong><\/em> (2005): Discontinuous changes in river characteristics along the Geropotamos River (Messara Plain, South-Central Crete, Greece) and its implications for active tectonics. &#8211; Geomorphology (subm.).<\/p>\n<p class=\"type1\"><em><strong>Peterek, A. &amp; Schwarze, J.<\/strong><\/em> (2002): Hebung und gravitativ-tektonisches Zergleiten der Insel Kreta im j\u00fcngeren Quart\u00e4r &#8211; abgeleitet aus morphotektonischen Untersuchungen. &#8211; ICDP-ODP Kolloquium, Abstractband, Potsdam.<\/p>\n<p class=\"type1\"><em><strong>Schwarze, J. &amp; Peterek, A.<\/strong><\/em> (2002): Morphostrukturelle Merkmale als Indikatoren f\u00fcr quart\u00e4re und rezente Krustenbewegungen in Zentralkreta. &#8211; TSK IX, Erlangen, Abstractband: pp. , Erlangen.<\/p>\n<p class=\"type1\"><em><strong>Schwarze, J. &amp; Peterek, A.<\/strong><\/em> (2004): Beckeninterne aktive Deformationen im outer-arc der Hellenischen Subduktionszone, Insel Kreta, Griechenland &#8211; abgeleitet aus morphologischen Charakteristika von Flussl\u00e4ufen. &#8211; TSK X, Aachen, Abstractband: pp. , Aachen.<\/p>\n","protected":false},"excerpt":{"rendered":"<p>Geoinformatik Schwarze, J. (2015): \u201eErfolgsfaktor Geodatenmanagement\u201c Bedeutung von Automatisierung und Verf\u00fcgbarkeitsoptimierung von GDM-Prozessen am Beispiel der Geodateninfrastruktur der Stadt Erlangen. &#8211; UNIGIS MSc Master Thesis. XX+102+XIII pp. http:\/\/www.unigis.at\/index.php\/club-unigis\/abschlussarbeiten\/article\/102863-erfolgsfaktor-geodatenmanagement-bedeutung-von-automatisierung-und-verfuegbarkeitsoptimierung-von-gdm-prozessen-am-beispiel-der-geodateninfrastruktur-der-stadt-erlangen (letzter Zugriff 20.1.2016) Schwarze, J. (2013): SpatialBiz Plugin &#8211; Einsatz und Fallbeispiele von FME Desktop mit SpatialBiz-Plugin f\u00fcr Smallworld GIS bei der Stadt Erlangen (Vortrag). FME days [&hellip;]<\/p>\n","protected":false},"author":2,"featured_media":109,"parent":0,"menu_order":0,"comment_status":"closed","ping_status":"closed","template":"","meta":{"ngg_post_thumbnail":0,"footnotes":""},"class_list":["post-70","page","type-page","status-publish","has-post-thumbnail","hentry"],"_links":{"self":[{"href":"https:\/\/giswg.de\/wordpress\/index.php?rest_route=\/wp\/v2\/pages\/70"}],"collection":[{"href":"https:\/\/giswg.de\/wordpress\/index.php?rest_route=\/wp\/v2\/pages"}],"about":[{"href":"https:\/\/giswg.de\/wordpress\/index.php?rest_route=\/wp\/v2\/types\/page"}],"author":[{"embeddable":true,"href":"https:\/\/giswg.de\/wordpress\/index.php?rest_route=\/wp\/v2\/users\/2"}],"replies":[{"embeddable":true,"href":"https:\/\/giswg.de\/wordpress\/index.php?rest_route=%2Fwp%2Fv2%2Fcomments&post=70"}],"version-history":[{"count":11,"href":"https:\/\/giswg.de\/wordpress\/index.php?rest_route=\/wp\/v2\/pages\/70\/revisions"}],"predecessor-version":[{"id":368,"href":"https:\/\/giswg.de\/wordpress\/index.php?rest_route=\/wp\/v2\/pages\/70\/revisions\/368"}],"wp:featuredmedia":[{"embeddable":true,"href":"https:\/\/giswg.de\/wordpress\/index.php?rest_route=\/wp\/v2\/media\/109"}],"wp:attachment":[{"href":"https:\/\/giswg.de\/wordpress\/index.php?rest_route=%2Fwp%2Fv2%2Fmedia&parent=70"}],"curies":[{"name":"wp","href":"https:\/\/api.w.org\/{rel}","templated":true}]}}